 33)))?
61
What is the value of (682 + -612 - (1 - (-7 + (-4 - -2)))) + -7?
53
What is the value of 11 - (-46 - -21) - (-1 - -5) - 11?
21
Evaluate -26 + 2 + (-41 - -172 - 113).
-6
What is -430 - -433 - (-91 - (2 + 1 + (-6 - 1)))?
90
Calculate 4 + -2 + -3 + -1 + 32 - 11.
19
What is the value of (0 - 0 - (-6 + -1)) + -103 + (146 - 104)?
-54
Calculate -27 + -14 + 1 - (-47 - -29).
-22
What is the value of -30 - ((-66 - -36) + -4)?
4
Calculate -3 - (-1 - 1) - (987 + -984).
-4
Evaluate 7 + 2 + 8 + 1 + -49.
-31
Calculate (97 - -66 - 72) + -89.
2
Evaluate (24 - (1 + -20 - ((27 - 12) + -24))) + -1.
33
What is 129 - 118 - (-20 + 25 - (-15 - 0))?
-9
Calculate (-11 - (-14 - 2) - 32) + (-14 - -17).
-24
Evaluate -74 + (-85 + 0 - -240).
81
Calculate -10 + 44 + -55 + 5.
-16
What is -19 + -14 - (31 + -67)?
3
What is the value of 1 + -2 + -23 + 46 + 68?
90
What is the value of -98 - ((-80 - -3) + -18)?
-3
What is -2 + 2 - -44 - (-4 + (13 - 16) + -2)?
53
What is the value of 9 - (-1 + 8 + (-25 - -70 - 151))?
108
What is the value of -106 + 3 - (362 - 434)?
-31
What is -6 + (-17 - (-7 + -2) - -9 - (3 - 6))?
-2
Calculate 6 - ((-5 - -68) + -10) - (-37 + 23).
-33
Calculate -21 + 7 - (0 + 0 - (34 - (-61 - 26))).
107
(-78 + 208 - 67) + -9
54
Calculate (-135 - -117) + (-7 - -54).
29
(3 - -35) + -6 + 195 + -172
55
0 + -7 + 19 + -180 + 71
-97
(8 - (1 - 46)) + (-19 - (-1 + -11)) + 0
46
What is the value of (-323 - -311) + (-25 - 2)?
-39
Evaluate -48 - (7 - -2 - (28 + -36 + 26)).
-39
10 - (10 + 6 + -39 + 15) - -8
26
Evaluate -1 + -18 - (97 + (21 - (-11 + 53))).
-95
Calculate (2769 - 2813) + (1 - -187) + (-2 - 21).
121
Calculate -16 - -15 - ((-7 - -6 - -11 - 60) + 10).
39
What is the value of 17 + 20 + -16 + (-75 - -10)?
-44
What is -18 + (-4 + (17 - 3 - -3) - (-81 + 87))?
-11
Evaluate -4 + -52 + 1 - (-30 - -2).
-27
What is the value of -10 - (-4 + 9 + 13 + 34)?
-62
What is the value of -120 - (15 - 93) - -16?
-26
What is the value of (3 + -5 - -4) + 5 - (-3 + 0 - -6)?
4
Evaluate -11 - (-3 + -1 + -3) - (-25 - -12).
9
90 - (119 + -146 - ((-8 - -3) + -14))
98
Evaluate 13 + 7 + -56 + -43.
-79
Evaluate 21 - 7 - (55 - 41).
0
Evaluate 185 + -15 + -98 - (1 - -38).
33
What is 37 + (-9 - (52 + -27))?
3
Calculate 10 - (17 + -37 - -30).
0
Evaluate (26 - 23) + 52 + ((3 - 0) + 1 - 3).
56
Evaluate -15 - (11 + -1 - (-73 - -78) - 3).
-17
What is (10 - (7 - -2 - 5)) + -7 + (14 - 10)?
3
Calculate -10 + 22 + -1 + -28 + -13.
-30
(46 + 32 - -102) + -104
76
Calculate 2122 + -2140 + (3 + 0 - -19).
4
(-38 - 15) + 6 + 16
-31
(0 - 7 - (24 + -8 - 35)) + -7
5
What is the value of 40 + 0 + -23 + 1 + -26 + 36?
28
Calculate 30 + -4 - (300 + -265).
-9
Evaluate -52 + -100 + (-118 - -218).
-52
32 - (-18 + 15) - (81 + -5)
-41
What is -9 + (80 - (38 + -50))?
83
Evaluate (12 + 31 - (-5 + (5 - -4)) - -1) + -8.
32
Calculate -7 + 7 + 1 + (11 - (16 - 10) - -60).
66
What is (14 - ((4 - 32) + 15)) + (-13 - -2)?
16
What is the value of (-32 - -11) + 75 + -65?
-11
What is 155 - (39 - (100 + -27 - 46))?
143
What is the value of 7 - (20 + 2 - (18 + -11) - 2) - 10?
-16
Evaluate -6 + -14 + -16 + 18 + -20.
-38
123 - (-18 + 99 + -76 + 12 + 0)
106
-36 + 5 + 13 + (10 - -5) - 25
-28
What is the value of 110 + -147 - ((5 - 2) + -6 + -6)?
-28
What is the value of -7 + 84 + -126 + 20 + 1?
-28
Calculate -15 + 12 + 47 - 44.
0
-83 - -107 - -131 - 105
50
Evaluate 49 + -6 + (6 - 36) - (-2 + (-1 - 0)).
16
What is the value of 29 + (-2 - -1) + 14803 + -14841?
-10
What is -2 - -8 - (15 - (53 + -1) - (2 + -12))?
33
Calculate (2 - -1) + 57 + -291 + 271 + -12.
28
-66 + 52 + -13 - -30
3
Evaluate 61 + (-34 - (37 + -97)) + (-2 - 17).
68
What is -9 + (1 - (-11 + -41 - 2)) + -2?
44
Evaluate (-10 - ((2 - 12) + 24)) + 33.
9
Calculate 34 + -33 + (-11 - 2) + (-8 - 8).
-28
What is -399 + 435 + (-2 - 38)?
-4
Evaluate (130 - 118) + 4 + -22 - 59.
-65
((20 - 11) + -22 - 68) + 16 + -5
-70
39 + (-31 - 14) - 12
-18
Calculate (1 + -5 - 4 - -2 - (-782 + 791)) + 53.
38
Evaluate -35 + (-22 - -22) - (-76 - -2).
39
What is -19 - ((174 - 165) + (2 - 12))?
-18
What is the value of 32 + (-4 - 27) + (-5 - 2)?
-6
58 + (0 - -36) + -121
-27
What is the value of 26 + -123 + (-55 - -39 - -35)?
-78
What is 4630 + -4543 + 0 + 3 + (3 - 7)?
86
Calculate 67 + -58 + (-4 - 2) + 2 + -35.
-30
Calculate (12 - 0) + (-8 + 9 - (26 - 19 - 21)).
27
Evaluate (-8 - (-33 - -31 - 14)) + (2 - -108) + 0.
118
What is 17 - (40 + (2 - 28 - 72))?
75
What is the value of 99 - (52 + 28 + -57)?
76
Calculate -2 + (92 - 75 - (3 - -3) - 3).
6
What is the value of 88 + 14 + -90 + 4?
16
7 + (14 - 8) + (-7 - -7)
13
What is 31 + (-16 - -60) + -47?
28
Evaluate (6 - (-8 - (-32 + 14)) - -71) + -11.
56
Calculate (14 + -2 - (23 - (47 - 84))) + -9 + 1.
-56
Evaluate -17 + -4 + -40 + (9 - (15 + 7)).
-74
What is -31 + 8 + 40 + (14 - (30 - 14))?
15
(0 - (-13 + 37)) + 15 + 18
9
What is (18 - (-15 + 24)) + -6 + 1 + 34?
38
Evaluate -10 - (3 + -5) - (-346 - -343).
-5
-9 - (-9 + 10 + 12 + 41 - 15)
-48
Evaluate 8 + -6 + (-117 - -133) + 13.
31
Calculate 14 - (-25 + (22 - 9) - -16 - -4).
6
Evaluate -23 + 1 + (1126 - 1140).
-36
Calculate 68 + -69 + (-8 + (10 - 2) - -9).
8
What is 1312 + -1357 + (-1 - (2 - 102))?
54
What is the value of 44 + (5 - 80) - -100?
69
Calculate (3 - -3) + (-16 - (4 + -10 - 19)).
15
-40 + 25 + -50 - -15
-50
Calculate 32 + (-30 - -121) + -193.
-70
Evaluate -2 + 87 + (537 - 580).
42
What is -40 + (-77 + 52 - (0 - 168))?
103
What is 11 - (-31 + -12 + (-2 - -12))?
44
(34 - 3) + (-9 + 21 - 11)
32
Calculate 15 + (-2 - (-9 + -11 + 3 + 13) - -7).
24
Evaluate -1363 + 1388 + (-21 - 1) - -38.
41
What is the value of -2 + 1 + 4 - (-25 + 13 + (-2 - 5))?
22
What is 2 + -19 - ((-31 - -90 - -16) + 22)?
-114
What is the value of (5 - (50 + (-31 - -54))) + 24?
-44
What is 240 + (-2 - 162) - (0 + -5 + 2 + 5)?
74
What is (-7 - 31) + 62 + (-85 - -1) + 5?
-55
What is 85 - (252 + -131) - (-9 + -1 + 1)?
-27
What is 10 + -18 + -20 + (2 - 21 - 44)?
-91
Evaluate 43 - 26 - 29 - 48 - -20.
-40
Evaluate 342 + -112 + -278 + 19 + 2 + -1.
-28
14 + (-1 - -49) + (-44 - -6)
24
(14 - 13) + -56 + 1 - (1 - -2 - -5)
-62
What is -27591 + 27593 - ((1 + -2 - -36) + 0)?
-33
39 + -161 + (-68 - -142)
-48
What is 46 - -1 - ((7 - 15) + 11 + 6)?
38
What is the value of (5 - -35 - 19) + -21 + 9?
9
What is the value of 6525 + -6494 - (-2 + 43 - -3)?
-13
What is (-3 - -3) + -33 + 48 + 11?
26
Evaluate -12 - (2 + -67 + -15) - 8.
60
Calculate 59 - (-2 + -11 - (6 + 7 - 30 - -8)).
63
What is (-2 - (1 - -10)) + -110 + 112 + 29?
18
25 + -64 + (12 - -41)
14
What is the value of -53 + 12 + -7 + 8 + -5 + (-22 - -15)?
-52
(171 - 41) + -130 - -97
97
Calculate 85 - (83 + 51 + -66).
17
What is the value of -5 + -2 - -4 - -3 - (28 + 16)?
-44
Calculate -32 - (81 + -90) - (3 + -4 - -12).
-34
(-13 - -21) + 18 + -7 - 20
-1
What is the value of 7 + -2 + (-12 - -15) + 26 + -24 - -25?
35
12 - (43 - (49 + 21))
39
What is -23 - 3 - ((68 - 43) + -13)?
-38
22 + -111 + (26 - 65 - -45)
-83
236 + -357 - (-210 + -14)
103
Evaluate (28 - (84 - 141)) + 2.
87
Calculate (1 - (21 - ((-12 - -6) + -4 - -21))) + 101.
92
8 + (-51 - (-38 - 11)) - (1 + -1)
6
0 + -6 - (-394 + 472 - (5 + 3))
-76
Calculate (6 + -16 - (66 + 24)) + 41.
-59
Evaluate 15 + -118 + (6 - -50).
-47
Calculate -75 + 102 - 60 - 37.
-70
Evaluate -2 + 7 + (8 - 4) - (470 + -402).
-59
What is the value of -38 + (-16 - (-55 - 7))?
8
Calculate -3 + 23 - (-904 + 880).
44
Evaluate -9 - -9 - (-15 + -5 + 12 - 21).
29
Calculate 6 - (-71 + 80 - (0 + -8)) - (25 + 84).
-120
Calculate 13 + 4 + 12 + 21 + -27 + 5 + -1.
27
What is 110 - (105 + -138 + 68)?
75
What is 54 + -132 + 212 + -119?
15
-78 - (-32 - -37 - (-1 + 1 + -8))
-91
Calculate (-45 - -17) + (-4 - 1 - -19).
-14
What is -27 + (15 - (13 + (10 - 2) + -11)) + 10?
-12
-6452 - -6343 - (-125 + 3)
13
-52 + -13 + 2 + -5 + 6
-62
(-13 - (-22 + (-13 - -25) + 7)) + 86
76
Evaluate (35 - (-2 + -10 - 16)) + 1 + (-2 - 7).
55
17 + (3 - 11) + 37 + -42 - 55
-51
Evaluate 20 - (24 - (21 + -45 + -11)).
-39
21 - (105 + (10 + -23 - 19))
-52
Calculate 63 + -198 + 64 + 148.
77
23 + (-19 + 6 - -15) - (103 + 37)
-115
Calculate 3 + -47 + -2226 + 2211.
-59
What is (-1 - -15) + 94 + -176 + 62?
-6
What is (-6 - 61) + 18 + -3 + -9 + 10?
-51
What is the value of 71 + -25 + -34 + 27?
39
What is 11 + 10 - (16 - 